{"id":2,"date":"2016-05-10T03:48:21","date_gmt":"2016-05-10T03:48:21","guid":{"rendered":"http:\/\/heimag.net\/?page_id=2"},"modified":"2026-02-03T19:54:56","modified_gmt":"2026-02-03T18:54:56","slug":"sample-page","status":"publish","type":"page","link":"https:\/\/heimag.net\/?page_id=2","title":{"rendered":"Impressum"},"content":{"rendered":"<p><span style=\"text-decoration: underline;\"><span style=\"font-size: 14px;\"><strong>Impressum<\/strong><\/span><\/span><\/p>\n<p><span style=\"font-size: 14px;\">Heins Maschinentechnik GmbH<br \/>\n<\/span><span style=\"font-size: 14px;\">Auf dem Rohlskamp 5<br \/>\n<\/span><span style=\"font-size: 14px;\">27356 Rotenburg-Mulmshorn<\/span><\/p>\n<p><span style=\"font-size: 14px;\">Handelsregister: HRB 206994<br \/>\n<\/span><span style=\"font-size: 14px;\">Registergericht: Amtsgericht Walsrode<\/span><\/p>\n<p><span style=\"font-size: 14px;\">Vertreten durch Gesch\u00e4ftsf\u00fchrer:<br \/>\n<\/span><span style=\"font-size: 14px;\">Frank Allers, J\u00f6rg Brinkmann, Anne-May Schr\u00f6der<\/span><\/p>\n<p>&nbsp;<\/p>\n<p><span style=\"text-decoration: underline;\"><span style=\"font-size: 14px;\"><strong>Kontakt<\/strong><\/span><\/span><\/p>\n<p><span style=\"font-size: 14px;\"><strong>Tel.:<\/strong>\u00a00 42 68 888 38 \u2013 0<\/span><br \/>\n<span style=\"font-size: 14px;\"><strong>Fax:<\/strong>\u00a00 42 68 888 38 \u2013 20<\/span><br \/>\n<span style=\"font-size: 14px;\"><strong>E-Mail:<\/strong>\u00a0<a href=\"mailto:info@heimag.net\">info(at)heimag.net<\/a><\/span><br \/>\n<span style=\"font-size: 14px;\">Sie erreichen uns von Montag bis Donnerstag von 7 bis 16 Uhr. Am Freitag ist unser B\u00fcro von 7 bis 13 Uhr besetzt.<\/span><\/p>\n<p>&nbsp;<\/p>\n<p><span style=\"text-decoration: underline;\"><span style=\"font-size: 14px;\"><strong>Widerspruch gegen Werbe-E-Mails<\/strong><\/span><\/span><\/p>\n<p><span style=\"font-size: 14px;\">Der Nutzung von im Rahmen der Impressumspflicht ver\u00f6ffentlichten Kontaktdaten zur \u00dcbersendung von nicht ausdr\u00fccklich angeforderter Werbung und Informationsmaterialien wird hiermit widersprochen. Die Betreiber der Seite behalten sich ausdr\u00fccklich rechtliche Schritte im Falle der unverlangten Zusendung von Werbeinformationen, etwa durch Spam-E-Mails, vor.<\/span><\/p>\n<p>&nbsp;<\/p>\n<p><span style=\"text-decoration: underline;\"><span style=\"font-size: 14px;\"><strong>Umsatzsteuer-ID<\/strong><\/span><\/span><\/p>\n<p><span style=\"font-size: 14px;\">Umsatzsteuer-Identifikationsnummer gem\u00e4\u00df \u00a7 27a Umsatzsteuergesetz:<\/span><\/p>\n<p><span style=\"font-size: 14px;\">DE 116927006<\/span><\/p>\n<p>&nbsp;<\/p>\n<p><span style=\"text-decoration: underline;\"><span style=\"font-size: 14px;\"><strong>EU-Streitschlichtung<\/strong><\/span><\/span><\/p>\n<p><span style=\"font-size: 14px;\">Gem\u00e4\u00df Verordnung \u00fcber Online-Streitbeilegung in Verbraucherangelegenheiten (ODR-Verordnung) m\u00f6chten wir Sie \u00fcber die Online-Streitbeilegungsplattform (OS-Plattform) informieren.<\/span><br \/>\n<span style=\"font-size: 14px;\">Verbraucher haben die M\u00f6glichkeit, Beschwerden an die Online Streitbeilegungsplattform der Europ\u00e4ischen Kommission unter\u00a0<a href=\"https:\/\/ec.europa.eu\/consumers\/odr\/main\/index.cfm?event=main.home2.show&amp;lng=DE\">http:\/\/ec.europa.eu\/odr?tid=321124167<\/a>\u00a0zu richten. Die daf\u00fcr notwendigen Kontaktdaten finden Sie oberhalb in unserem Impressum.<\/span><\/p>\n<p><span style=\"font-size: 14px;\">Wir m\u00f6chten Sie jedoch darauf hinweisen, dass wir nicht bereit oder verpflichtet sind, an Streitbeilegungsverfahren vor einer Verbraucherschlichtungsstelle teilzunehmen.<\/span><\/p>\n<p>&nbsp;<\/p>\n<p><span style=\"font-size: 14px;\"><strong><u>Urheberrecht<\/u><\/strong><\/span><\/p>\n<p><span style=\"font-size: 14px;\">Alle Inhalte dieser Webseite (Bilder, Fotos, Texte, Videos) unterliegen dem Urheberrecht der Bundesrepublik Deutschland. Bitte fragen Sie uns bevor Sie die Inhalte dieser Website verbreiten, vervielf\u00e4ltigen oder verwerten wie zum Beispiel auf anderen Websites erneut ver\u00f6ffentlichen. Falls notwendig, werden wir die unerlaubte Nutzung von Teilen der Inhalte unserer Seite rechtlich verfolgen.<\/span><\/p>\n<p><span style=\"font-size: 14px;\">Sollten Sie auf dieser Webseite Inhalte finden, die das Urheberrecht verletzen, bitten wir Sie uns zu kontaktieren.<\/span><\/p>\n<p>&nbsp;<\/p>\n<p><strong><span style=\"font-size: 14px;\"><u>Bildernachweis<\/u><\/span><\/strong><\/p>\n<p><span style=\"font-size: 14px;\">Die Bilder, Fotos und Grafiken auf dieser Webseite sind urheberrechtlich gesch\u00fctzt.<\/span><\/p>\n<p><span style=\"font-size: 14px;\">Die Bilderrechte liegen bei den folgenden Fotografen und Unternehmen:<\/span><\/p>\n<ul>\n<li style=\"list-style-type: none;\">\n<ul>\n<li style=\"list-style-type: none;\">\n<ul>\n<li><span style=\"font-size: 14px;\">Heins Maschinentechnik GmbH<\/span><\/li>\n<\/ul>\n<\/li>\n<\/ul>\n<\/li>\n<\/ul>\n<p>&nbsp;<\/p>\n<p><span style=\"font-size: 14px;\"><strong><u>Haftung f\u00fcr Inhalte<\/u><\/strong><strong><br \/>\n<\/strong>Als Diensteanbieter sind wir gem\u00e4\u00df \u00a7 7 Abs.1 DDG f\u00fcr eigene Inhalte auf diesen Seiten nach den allgemeinen Gesetzen verantwortlich. Wir als Diensteanbieter sind jedoch nicht verpflichtet, \u00fcbermittelte oder gespeicherte fremde Informationen zu \u00fcberwachen oder nach Umst\u00e4nden zu forschen, die auf eine rechtswidrige T\u00e4tigkeit hinweisen. Verpflichtungen zur Entfernung oder Sperrung der Nutzung von Informationen nach den allgemeinen Gesetzen bleiben hiervon unber\u00fchrt. Eine diesbez\u00fcgliche Haftung ist jedoch erst ab dem Zeitpunkt der Kenntnis einer konkreten Rechtsverletzung m\u00f6glich. Bei Bekanntwerden von entsprechenden Rechtsverletzungen werden wir diese Inhalte umgehend entfernen.<\/span><\/p>\n<p>&nbsp;<\/p>\n<p><span style=\"font-size: 14px;\"><strong><u>Haftung f\u00fcr Links<br \/>\n<\/u><\/strong>Unser Angebot enth\u00e4lt Links zu externen Webseiten Dritter, auf deren Inhalte wir keinen Einfluss haben. Deshalb k\u00f6nnen wir f\u00fcr diese fremden Inhalte auch keine Gew\u00e4hr \u00fcbernehmen. F\u00fcr die Inhalte der verlinkten Seiten ist stets der jeweilige Anbieter oder Betreiber der Seiten verantwortlich. Die verlinkten Seiten wurden zum Zeitpunkt der Verlinkung auf m\u00f6gliche Rechtsverst\u00f6\u00dfe \u00fcberpr\u00fcft. Rechtswidrige Inhalte waren zum Zeitpunkt der Verlinkung nicht erkennbar. Eine permanente inhaltliche Kontrolle der verlinkten Seiten ist jedoch ohne konkrete Anhaltspunkte einer Rechtsverletzung nicht zumutbar. Bei Bekanntwerden von Rechtsverletzungen werden wir derartige Links umgehend entfernen.<\/span><\/p>\n","protected":false},"excerpt":{"rendered":"<p>Impressum Heins Maschinentechnik GmbH Auf dem Rohlskamp 5 27356 Rotenburg-Mulmshorn Handelsregister: HRB 206994 Registergericht: Amtsgericht Walsrode Vertreten durch Gesch\u00e4ftsf\u00fchrer: Frank Allers, J\u00f6rg Brinkmann, Anne-May Schr\u00f6der &nbsp; Kontakt Tel.:\u00a00 42 68 888 38 \u2013 0 Fax:\u00a00 42 68 888 38 \u2013 20 E-Mail:\u00a0info(at)heimag.net Sie erreichen uns von Montag bis Donnerstag von 7 bis 16 Uhr. Am<\/p>\n","protected":false},"author":1,"featured_media":0,"parent":0,"menu_order":0,"comment_status":"closed","ping_status":"open","template":"","meta":{"footnotes":""},"class_list":["post-2","page","type-page","status-publish","hentry"],"yoast_head":"<!-- This site is optimized with the Yoast SEO plugin v26.7 - https:\/\/yoast.com\/wordpress\/plugins\/seo\/ -->\n<title>Impressum - Heins Maschinentechnik<\/title>\n<meta name=\"robots\" content=\"index, follow, max-snippet:-1, max-image-preview:large, max-video-preview:-1\" \/>\n<link rel=\"canonical\" href=\"https:\/\/heimag.net\/?page_id=2\" \/>\n<meta property=\"og:locale\" content=\"de_DE\" \/>\n<meta property=\"og:type\" content=\"article\" \/>\n<meta property=\"og:title\" content=\"Impressum - Heins Maschinentechnik\" \/>\n<meta property=\"og:description\" content=\"Impressum Heins Maschinentechnik GmbH Auf dem Rohlskamp 5 27356 Rotenburg-Mulmshorn Handelsregister: HRB 206994 Registergericht: Amtsgericht Walsrode Vertreten durch Gesch\u00e4ftsf\u00fchrer: Frank Allers, J\u00f6rg Brinkmann, Anne-May Schr\u00f6der &nbsp; Kontakt Tel.:\u00a00 42 68 888 38 \u2013 0 Fax:\u00a00 42 68 888 38 \u2013 20 E-Mail:\u00a0info(at)heimag.net Sie erreichen uns von Montag bis Donnerstag von 7 bis 16 Uhr. Am\" \/>\n<meta property=\"og:url\" content=\"https:\/\/heimag.net\/?page_id=2\" \/>\n<meta property=\"og:site_name\" content=\"Heins Maschinentechnik\" \/>\n<meta property=\"article:modified_time\" content=\"2026-02-03T18:54:56+00:00\" \/>\n<meta name=\"twitter:card\" content=\"summary_large_image\" \/>\n<meta name=\"twitter:label1\" content=\"Gesch\u00e4tzte Lesezeit\" \/>\n\t<meta name=\"twitter:data1\" content=\"3\u00a0Minuten\" \/>\n<script type=\"application\/ld+json\" class=\"yoast-schema-graph\">{\"@context\":\"https:\/\/schema.org\",\"@graph\":[{\"@type\":\"WebPage\",\"@id\":\"https:\/\/heimag.net\/?page_id=2\",\"url\":\"https:\/\/heimag.net\/?page_id=2\",\"name\":\"Impressum - Heins Maschinentechnik\",\"isPartOf\":{\"@id\":\"https:\/\/heimag.net\/#website\"},\"datePublished\":\"2016-05-10T03:48:21+00:00\",\"dateModified\":\"2026-02-03T18:54:56+00:00\",\"breadcrumb\":{\"@id\":\"https:\/\/heimag.net\/?page_id=2#breadcrumb\"},\"inLanguage\":\"de\",\"potentialAction\":[{\"@type\":\"ReadAction\",\"target\":[\"https:\/\/heimag.net\/?page_id=2\"]}]},{\"@type\":\"BreadcrumbList\",\"@id\":\"https:\/\/heimag.net\/?page_id=2#breadcrumb\",\"itemListElement\":[{\"@type\":\"ListItem\",\"position\":1,\"name\":\"Startseite\",\"item\":\"https:\/\/heimag.net\/\"},{\"@type\":\"ListItem\",\"position\":2,\"name\":\"Impressum\"}]},{\"@type\":\"WebSite\",\"@id\":\"https:\/\/heimag.net\/#website\",\"url\":\"https:\/\/heimag.net\/\",\"name\":\"Heins Maschinentechnik\",\"description\":\"- Wir erwecken Metall zum Leben -\",\"publisher\":{\"@id\":\"https:\/\/heimag.net\/#organization\"},\"potentialAction\":[{\"@type\":\"SearchAction\",\"target\":{\"@type\":\"EntryPoint\",\"urlTemplate\":\"https:\/\/heimag.net\/?s={search_term_string}\"},\"query-input\":{\"@type\":\"PropertyValueSpecification\",\"valueRequired\":true,\"valueName\":\"search_term_string\"}}],\"inLanguage\":\"de\"},{\"@type\":\"Organization\",\"@id\":\"https:\/\/heimag.net\/#organization\",\"name\":\"Heins Maschinentechnik\",\"url\":\"https:\/\/heimag.net\/\",\"logo\":{\"@type\":\"ImageObject\",\"inLanguage\":\"de\",\"@id\":\"https:\/\/heimag.net\/#\/schema\/logo\/image\/\",\"url\":\"https:\/\/heimag.net\/wp-content\/uploads\/2019\/10\/cropped-Heimag_transp-1.png\",\"contentUrl\":\"https:\/\/heimag.net\/wp-content\/uploads\/2019\/10\/cropped-Heimag_transp-1.png\",\"width\":989,\"height\":278,\"caption\":\"Heins Maschinentechnik\"},\"image\":{\"@id\":\"https:\/\/heimag.net\/#\/schema\/logo\/image\/\"}}]}<\/script>\n<!-- \/ Yoast SEO plugin. -->","yoast_head_json":{"title":"Impressum - Heins Maschinentechnik","robots":{"index":"index","follow":"follow","max-snippet":"max-snippet:-1","max-image-preview":"max-image-preview:large","max-video-preview":"max-video-preview:-1"},"canonical":"https:\/\/heimag.net\/?page_id=2","og_locale":"de_DE","og_type":"article","og_title":"Impressum - Heins Maschinentechnik","og_description":"Impressum Heins Maschinentechnik GmbH Auf dem Rohlskamp 5 27356 Rotenburg-Mulmshorn Handelsregister: HRB 206994 Registergericht: Amtsgericht Walsrode Vertreten durch Gesch\u00e4ftsf\u00fchrer: Frank Allers, J\u00f6rg Brinkmann, Anne-May Schr\u00f6der &nbsp; Kontakt Tel.:\u00a00 42 68 888 38 \u2013 0 Fax:\u00a00 42 68 888 38 \u2013 20 E-Mail:\u00a0info(at)heimag.net Sie erreichen uns von Montag bis Donnerstag von 7 bis 16 Uhr. Am","og_url":"https:\/\/heimag.net\/?page_id=2","og_site_name":"Heins Maschinentechnik","article_modified_time":"2026-02-03T18:54:56+00:00","twitter_card":"summary_large_image","twitter_misc":{"Gesch\u00e4tzte Lesezeit":"3\u00a0Minuten"},"schema":{"@context":"https:\/\/schema.org","@graph":[{"@type":"WebPage","@id":"https:\/\/heimag.net\/?page_id=2","url":"https:\/\/heimag.net\/?page_id=2","name":"Impressum - Heins Maschinentechnik","isPartOf":{"@id":"https:\/\/heimag.net\/#website"},"datePublished":"2016-05-10T03:48:21+00:00","dateModified":"2026-02-03T18:54:56+00:00","breadcrumb":{"@id":"https:\/\/heimag.net\/?page_id=2#breadcrumb"},"inLanguage":"de","potentialAction":[{"@type":"ReadAction","target":["https:\/\/heimag.net\/?page_id=2"]}]},{"@type":"BreadcrumbList","@id":"https:\/\/heimag.net\/?page_id=2#breadcrumb","itemListElement":[{"@type":"ListItem","position":1,"name":"Startseite","item":"https:\/\/heimag.net\/"},{"@type":"ListItem","position":2,"name":"Impressum"}]},{"@type":"WebSite","@id":"https:\/\/heimag.net\/#website","url":"https:\/\/heimag.net\/","name":"Heins Maschinentechnik","description":"- Wir erwecken Metall zum Leben -","publisher":{"@id":"https:\/\/heimag.net\/#organization"},"potentialAction":[{"@type":"SearchAction","target":{"@type":"EntryPoint","urlTemplate":"https:\/\/heimag.net\/?s={search_term_string}"},"query-input":{"@type":"PropertyValueSpecification","valueRequired":true,"valueName":"search_term_string"}}],"inLanguage":"de"},{"@type":"Organization","@id":"https:\/\/heimag.net\/#organization","name":"Heins Maschinentechnik","url":"https:\/\/heimag.net\/","logo":{"@type":"ImageObject","inLanguage":"de","@id":"https:\/\/heimag.net\/#\/schema\/logo\/image\/","url":"https:\/\/heimag.net\/wp-content\/uploads\/2019\/10\/cropped-Heimag_transp-1.png","contentUrl":"https:\/\/heimag.net\/wp-content\/uploads\/2019\/10\/cropped-Heimag_transp-1.png","width":989,"height":278,"caption":"Heins Maschinentechnik"},"image":{"@id":"https:\/\/heimag.net\/#\/schema\/logo\/image\/"}}]}},"_links":{"self":[{"href":"https:\/\/heimag.net\/index.php?rest_route=\/wp\/v2\/pages\/2","targetHints":{"allow":["GET"]}}],"collection":[{"href":"https:\/\/heimag.net\/index.php?rest_route=\/wp\/v2\/pages"}],"about":[{"href":"https:\/\/heimag.net\/index.php?rest_route=\/wp\/v2\/types\/page"}],"author":[{"embeddable":true,"href":"https:\/\/heimag.net\/index.php?rest_route=\/wp\/v2\/users\/1"}],"replies":[{"embeddable":true,"href":"https:\/\/heimag.net\/index.php?rest_route=%2Fwp%2Fv2%2Fcomments&post=2"}],"version-history":[{"count":26,"href":"https:\/\/heimag.net\/index.php?rest_route=\/wp\/v2\/pages\/2\/revisions"}],"predecessor-version":[{"id":886,"href":"https:\/\/heimag.net\/index.php?rest_route=\/wp\/v2\/pages\/2\/revisions\/886"}],"wp:attachment":[{"href":"https:\/\/heimag.net\/index.php?rest_route=%2Fwp%2Fv2%2Fmedia&parent=2"}],"curies":[{"name":"wp","href":"https:\/\/api.w.org\/{rel}","templated":true}]}}